{"id":2770,"date":"2021-10-09T12:46:57","date_gmt":"2021-10-09T12:46:57","guid":{"rendered":"https:\/\/www.kimbes.com\/?post_type=product&#038;p=2770"},"modified":"2023-05-16T10:54:53","modified_gmt":"2023-05-16T10:54:53","slug":"zkteco-pointeur-biometrique-enregistrement-de-la-presence-des-employes","status":"publish","type":"product","link":"https:\/\/www.kimbes.com\/index.php\/product\/zkteco-pointeur-biometrique-enregistrement-de-la-presence-des-employes\/","title":{"rendered":"Pointeur biom\u00e9trique ZKTECO &#8211; TX628"},"content":{"rendered":"<p>Passez vos commandes de la<strong>\u00a0 Pointeur biom\u00e9trique ZKTECO &#8211; TX628<\/strong>\u00a0sur <a href=\"https:\/\/www.kimbes.com\">www.kimbes.com<\/a>\u00a0 et faites vous livrer dans toutes les villes du <strong>Cameroun<\/strong><\/p>\n","protected":false},"excerpt":{"rendered":"<p><strong>ZKTECO &#8211; Pointeur biom\u00e9trique (Enregistrement de la pr\u00e9sence des employ\u00e9s)\u00a0<\/strong><\/p>\n<div id=\"ivThumbColumn\">\n<div title=\"TP-Link TL-WA801ND V5.0 Point d'Acc\u00e8s 300 Mbps Wi-Fi N, 1 Port Ethernet, 2 Antennes Externes (TL-WA801ND)\">\n<ul>\n<li><span class=\"a-list-item\">Marque:<strong> <span class=\"a-size-base\">ZKTECO<\/span><\/strong><br \/>\n<\/span><\/li>\n<li><span class=\"a-list-item\"><span class=\"a-size-base a-text-bold\">Type d&rsquo;authentification<\/span>: <strong>Empreinte digitale, Mot de passe. <\/strong><\/span><span class=\"a-list-item\"><br \/>\n<\/span><\/li>\n<li><span class=\"a-list-item\"><span class=\"a-size-base a-text-bold\">Connectivit\u00e9<\/span>:<strong>\u00a0 Ethernet, USB<span class=\"a-size-base\"><br \/>\n<\/span><\/strong><\/span><\/li>\n<li><span class=\"a-list-item\"><span class=\"a-size-base a-text-bold\">Tension<\/span>:<strong> 5Volts<\/strong><\/span><\/li>\n<\/ul>\n<\/div>\n<\/div>\n","protected":false},"featured_media":2771,"template":"","meta":{"_joinchat":[]},"_links":{"self":[{"href":"https:\/\/www.kimbes.com\/index.php\/wp-json\/wp\/v2\/product\/2770"}],"collection":[{"href":"https:\/\/www.kimbes.com\/index.php\/wp-json\/wp\/v2\/product"}],"about":[{"href":"https:\/\/www.kimbes.com\/index.php\/wp-json\/wp\/v2\/types\/product"}],"wp:featuredmedia":[{"embeddable":true,"href":"https:\/\/www.kimbes.com\/index.php\/wp-json\/wp\/v2\/media\/2771"}],"wp:attachment":[{"href":"https:\/\/www.kimbes.com\/index.php\/wp-json\/wp\/v2\/media?parent=2770"}],"curies":[{"name":"wp","href":"https:\/\/api.w.org\/{rel}","templated":true}]}}