{"id":2765,"date":"2021-10-09T11:59:43","date_gmt":"2021-10-09T11:59:43","guid":{"rendered":"https:\/\/www.kimbes.com\/?post_type=product&#038;p=2765"},"modified":"2023-09-29T10:59:06","modified_gmt":"2023-09-29T10:59:06","slug":"kaspersky-internet-security-2021-4-appareils-1-ans-windows-mac-android","status":"publish","type":"product","link":"https:\/\/www.kimbes.com\/index.php\/product\/kaspersky-internet-security-2021-4-appareils-1-ans-windows-mac-android\/","title":{"rendered":"Kaspersky Plus 4 Postes\/1 An, Windows\/Mac\/Android"},"content":{"rendered":"<p>Passez vos commandes de la<strong> Kaspersky Plus 4 Postes\/1 An<\/strong>\u00a0sur <a href=\"https:\/\/www.kimbes.com\">www.kimbes.com<\/a>\u00a0 et faites vous livrer dans toutes les villes du <strong>Cameroun<\/strong><\/p>\n","protected":false},"excerpt":{"rendered":"<p><strong>Kaspersky Internet Security 2021, 4 Appareils, 1 Ans, Windows\/Mac\/Android<br \/>\n<\/strong><\/p>\n<div id=\"ivThumbColumn\">\n<div title=\"TP-Link TL-WA801ND V5.0 Point d'Acc\u00e8s 300 Mbps Wi-Fi N, 1 Port Ethernet, 2 Antennes Externes (TL-WA801ND)\">\n<ul>\n<li><span class=\"a-list-item\"> D\u00e9tecte et Bloque les virus, et toutes autres menaces <\/span><\/li>\n<li><span class=\"a-list-item\"> Emp\u00eache le suivi de vos activit\u00e9s en ligne <\/span><\/li>\n<li><span class=\"a-list-item\"> Prot\u00e8ge vos paiements gr\u00e2ce au chiffrement de niveau bancaire <\/span><\/li>\n<li><span class=\"a-list-item\"> Bloque tout acc\u00e8s non autoris\u00e9 \u00e0 votre webcam <\/span><\/li>\n<li><span class=\"a-list-item\"> D\u00e9tecte les logiciels espions cach\u00e9s sur votre appareil Android <\/span><\/li>\n<\/ul>\n<\/div>\n<\/div>\n","protected":false},"featured_media":2909,"template":"","meta":{"_joinchat":[]},"_links":{"self":[{"href":"https:\/\/www.kimbes.com\/index.php\/wp-json\/wp\/v2\/product\/2765"}],"collection":[{"href":"https:\/\/www.kimbes.com\/index.php\/wp-json\/wp\/v2\/product"}],"about":[{"href":"https:\/\/www.kimbes.com\/index.php\/wp-json\/wp\/v2\/types\/product"}],"wp:featuredmedia":[{"embeddable":true,"href":"https:\/\/www.kimbes.com\/index.php\/wp-json\/wp\/v2\/media\/2909"}],"wp:attachment":[{"href":"https:\/\/www.kimbes.com\/index.php\/wp-json\/wp\/v2\/media?parent=2765"}],"curies":[{"name":"wp","href":"https:\/\/api.w.org\/{rel}","templated":true}]}}