{"id":2762,"date":"2021-10-07T14:00:26","date_gmt":"2021-10-07T14:00:26","guid":{"rendered":"https:\/\/www.kimbes.com\/?post_type=product&#038;p=2762"},"modified":"2022-06-20T16:28:07","modified_gmt":"2022-06-20T16:28:07","slug":"telephone-analogique-kx-ts500mx-panasonic","status":"publish","type":"product","link":"https:\/\/www.kimbes.com\/index.php\/product\/telephone-analogique-kx-ts500mx-panasonic\/","title":{"rendered":"T\u00e9l\u00e9phone analogique KX-TS500MX Panasonic"},"content":{"rendered":"<p>Passez vos commandes de la<strong> T\u00e9l\u00e9phone analogique KX-TS500MX Panasonic<\/strong> sur <a href=\"https:\/\/www.kimbes.com\">www.kimbes.com<\/a>\u00a0 et faites vous livrer dans toutes les villes du <strong>Cameroun<\/strong><\/p>\n","protected":false},"excerpt":{"rendered":"<p><strong>T\u00e9l\u00e9phone analogique KX-TS500MX Panasonic <\/strong><\/p>\n<div id=\"ivThumbColumn\">\n<div title=\"TP-Link TL-WA801ND V5.0 Point d'Acc\u00e8s 300 Mbps Wi-Fi N, 1 Port Ethernet, 2 Antennes Externes (TL-WA801ND)\">\n<ul>\n<li><span class=\"a-list-item\">Marque:<strong> Panasonic<\/strong><br \/>\n<\/span><\/li>\n<li><span class=\"a-list-item\"><span class=\"a-size-base a-text-bold\">Type de num\u00e9roteur<\/span>: <strong><span class=\"a-size-base\">Clavier simple<\/span><\/strong><\/span><span class=\"a-list-item\"><br \/>\n<\/span><\/li>\n<li><span class=\"a-list-item\">Couleur:<strong> Blanc<\/strong><br \/>\n<\/span><\/li>\n<\/ul>\n<\/div>\n<\/div>\n","protected":false},"featured_media":2763,"template":"","meta":{"_joinchat":[]},"_links":{"self":[{"href":"https:\/\/www.kimbes.com\/index.php\/wp-json\/wp\/v2\/product\/2762"}],"collection":[{"href":"https:\/\/www.kimbes.com\/index.php\/wp-json\/wp\/v2\/product"}],"about":[{"href":"https:\/\/www.kimbes.com\/index.php\/wp-json\/wp\/v2\/types\/product"}],"wp:featuredmedia":[{"embeddable":true,"href":"https:\/\/www.kimbes.com\/index.php\/wp-json\/wp\/v2\/media\/2763"}],"wp:attachment":[{"href":"https:\/\/www.kimbes.com\/index.php\/wp-json\/wp\/v2\/media?parent=2762"}],"curies":[{"name":"wp","href":"https:\/\/api.w.org\/{rel}","templated":true}]}}