{"id":211,"date":"2018-08-08T16:00:42","date_gmt":"2018-08-08T16:00:42","guid":{"rendered":"http:\/\/www.kimbes.com\/?post_type=product&#038;p=211"},"modified":"2021-10-07T13:18:27","modified_gmt":"2021-10-07T13:18:27","slug":"tp-link-routeur-300-mbps","status":"publish","type":"product","link":"https:\/\/www.kimbes.com\/index.php\/product\/tp-link-routeur-300-mbps\/","title":{"rendered":"TP-Link Routeur 300 Mbps"},"content":{"rendered":"","protected":false},"excerpt":{"rendered":"<p>&nbsp;<\/p>\n<ul>\n<li><span class=\"a-list-item\"> Type de produit : <strong>TP-LINK N300 WiFi Router<\/strong> <\/span><\/li>\n<li><span class=\"a-list-item\"> Vitesse de transmission des donn\u00e9es:\u00a0 <strong>300 Mbps<\/strong><br \/>\n<\/span><\/li>\n<li><span class=\"a-list-item\"> Une simple pression sur le bouton QSS permet de s\u00e9curiser facilement la connexion sans fil par chiffrement <\/span><\/li>\n<li><span class=\"a-list-item\"> Le contr\u00f4le de bande passante par IP permet aux administrateurs de d\u00e9terminer la largeur de bande attribu\u00e9e \u00e0 chaque PC <\/span><\/li>\n<li><span class=\"a-list-item\"> Support technique assur\u00e9 par des conseillers francophones experts sur les produits TP-LINK, joignable par t\u00e9l\u00e9phone ou par courrier \u00e9lectronique <\/span><\/li>\n<li><span class=\"a-list-item\"> Deux antennes renforcent consid\u00e9rablement la solidit\u00e9 et la stabilit\u00e9 de la connexion sans fil <\/span><\/li>\n<\/ul>\n<p>&nbsp;<\/p>\n","protected":false},"featured_media":212,"template":"","meta":{"_joinchat":[]},"_links":{"self":[{"href":"https:\/\/www.kimbes.com\/index.php\/wp-json\/wp\/v2\/product\/211"}],"collection":[{"href":"https:\/\/www.kimbes.com\/index.php\/wp-json\/wp\/v2\/product"}],"about":[{"href":"https:\/\/www.kimbes.com\/index.php\/wp-json\/wp\/v2\/types\/product"}],"wp:featuredmedia":[{"embeddable":true,"href":"https:\/\/www.kimbes.com\/index.php\/wp-json\/wp\/v2\/media\/212"}],"wp:attachment":[{"href":"https:\/\/www.kimbes.com\/index.php\/wp-json\/wp\/v2\/media?parent=211"}],"curies":[{"name":"wp","href":"https:\/\/api.w.org\/{rel}","templated":true}]}}